{"id":94,"date":"2019-03-28T11:50:29","date_gmt":"2019-03-28T09:50:29","guid":{"rendered":"http:\/\/tabereurbane.ro\/?page_id=94"},"modified":"2020-06-02T16:20:37","modified_gmt":"2020-06-02T13:20:37","slug":"accent","status":"publish","type":"page","link":"https:\/\/tabereurbane.ro\/despre-tabere-urbane-solidus\/accent\/","title":{"rendered":"Accent"},"content":{"rendered":"<blockquote>\n<h3 style=\"text-align: left;\"><span style=\"color: #ff99cc;\"><strong>Programul este anulat din cauza restric\u021biilor \u00een perioada pandemiei (SARS-CoV-2) COVID-19.<\/strong><\/span><\/h3>\n<hr \/>\n<h3 style=\"text-align: left;\"><span style=\"color: #ffcc99;\">Urm\u0103re\u0219te <span style=\"text-decoration: underline;\"><a style=\"color: #ffcc99; text-decoration: underline;\" href=\"https:\/\/stirioficiale.ro\/informatii\" target=\"_blank\" rel=\"noopener noreferrer\">ultimele hot\u0103r\u00e2ri<\/a><\/span> cu privire la <span class=\"sageata\"> relaxarea m\u0103surilor de prevenire \u0219i combatere a efectelor pandemiei de COVID-19.<br \/>\n<\/span><\/span><\/h3>\n<h3 style=\"text-align: left;\"><span style=\"color: #ffcc99;\">R\u0103m\u00e2i informat! R\u0103m\u00e2i s\u0103n\u0103tos!<\/span><\/h3>\n<\/blockquote>\n<hr \/>\n<p>Programul variaz\u0103 \u00een func\u021bie de starea vremii \u0219i de agenda partenerilor:<\/p>\n<ul style=\"text-align: justify;\">\n<li>Vizit\u0103 la institu\u021bii muzeale \u0219i ateliere specializate;<\/li>\n<li>Vizit\u0103 la case memoriale \u0219i ateliere specializate;<\/li>\n<li>Ateliere de crea\u021bie \u0219i me\u0219te\u0219ug\u0103re\u0219ti (arts&amp;crafts);<\/li>\n<li>Ateliere de experimente inedite, cu o variat\u0103 palet\u0103 de aplicabilitate;<\/li>\n<li>Vizita unei arii protejate + Ateliere de ecologie;<\/li>\n<li>Vizit\u0103 la fabric\u0103 (r\u0103spundem la \u00eentrebarea \u201ecum se face?\u201d);<\/li>\n<li>Vizit\u0103 la Teatru (din culise, prin scen\u0103, \u00een fotoliul de regizor);<\/li>\n<li>Cinema (vizionare);<\/li>\n<li>Vizit\u0103 \u00een redac\u021bia unei sta\u021bii radio sau televiziuni;<\/li>\n<li>Vizit\u0103 \u00een redac\u021bia unei edituri;<\/li>\n<li>Vizit\u0103 \u00een Tipografie;<\/li>\n<li>Parc aventur\u0103 (\u00een zona limitrof\u0103).<\/li>\n<\/ul>\n<p><img data-recalc-dims=\"1\" loading=\"lazy\" decoding=\"async\" data-attachment-id=\"151\" data-permalink=\"https:\/\/tabereurbane.ro\/despre-tabere-urbane-solidus\/accent\/jocuri-accent\/\" data-orig-file=\"https:\/\/i0.wp.com\/tabereurbane.ro\/wp-content\/uploads\/2019\/03\/jocuri-accent.jpg?fit=1024%2C576&amp;ssl=1\" data-orig-size=\"1024,576\" data-comments-opened=\"1\" data-image-meta=\"{&quot;aperture&quot;:&quot;8&quot;,&quot;credit&quot;:&quot;&quot;,&quot;camera&quot;:&quot;NIKON D50&quot;,&quot;caption&quot;:&quot;&quot;,&quot;created_timestamp&quot;:&quot;1165466492&quot;,&quot;copyright&quot;:&quot;&quot;,&quot;focal_length&quot;:&quot;48&quot;,&quot;iso&quot;:&quot;0&quot;,&quot;shutter_speed&quot;:&quot;0.004&quot;,&quot;title&quot;:&quot;&quot;,&quot;orientation&quot;:&quot;1&quot;}\" data-image-title=\"jocuri-accent\" data-image-description=\"\" data-image-caption=\"\" data-large-file=\"https:\/\/i0.wp.com\/tabereurbane.ro\/wp-content\/uploads\/2019\/03\/jocuri-accent.jpg?fit=1024%2C576&amp;ssl=1\" class=\"aligncenter size-full wp-image-151\" src=\"https:\/\/i0.wp.com\/tabereurbane.ro\/wp-content\/uploads\/2019\/03\/jocuri-accent.jpg?resize=1024%2C576\" alt=\"\" width=\"1024\" height=\"576\" srcset=\"https:\/\/i0.wp.com\/tabereurbane.ro\/wp-content\/uploads\/2019\/03\/jocuri-accent.jpg?w=1024&amp;ssl=1 1024w, https:\/\/i0.wp.com\/tabereurbane.ro\/wp-content\/uploads\/2019\/03\/jocuri-accent.jpg?resize=300%2C169&amp;ssl=1 300w, https:\/\/i0.wp.com\/tabereurbane.ro\/wp-content\/uploads\/2019\/03\/jocuri-accent.jpg?resize=768%2C432&amp;ssl=1 768w, https:\/\/i0.wp.com\/tabereurbane.ro\/wp-content\/uploads\/2019\/03\/jocuri-accent.jpg?resize=830%2C467&amp;ssl=1 830w, https:\/\/i0.wp.com\/tabereurbane.ro\/wp-content\/uploads\/2019\/03\/jocuri-accent.jpg?resize=230%2C129&amp;ssl=1 230w, https:\/\/i0.wp.com\/tabereurbane.ro\/wp-content\/uploads\/2019\/03\/jocuri-accent.jpg?resize=350%2C197&amp;ssl=1 350w, https:\/\/i0.wp.com\/tabereurbane.ro\/wp-content\/uploads\/2019\/03\/jocuri-accent.jpg?resize=480%2C270&amp;ssl=1 480w\" sizes=\"auto, (max-width: 1024px) 100vw, 1024px\" \/><\/p>\n<p style=\"text-align: justify;\">Atelierele creative, ludice sau practice pe care le propunem zilnic \u00een perioada taberei urbane, \u00een colaborare cu partenerii no\u0219tri institu\u021bionali, reprezint\u0103 cea mai bun\u0103 alternativ\u0103 de training pentru copii, deoarece sunt fundamentate conform conceptului <em>edutainment<\/em> (educa\u021bie prin distrac\u021bie):<\/p>\n<ul style=\"text-align: justify;\">\n<li><strong>Informare \u015fi educare<\/strong> \u00een rela\u021bie direct\u0103 cu domeniile alese;<\/li>\n<li><strong>Interactivitate<\/strong> \u2013 entuziasmul de a discuta \u015fi dezbate subiecte de interes pentru fiecare domeniu de interes;<\/li>\n<li><strong>Ateliere practice<\/strong> \u2013 informa\u0163iile acumulate \u015fi discutate se pot aplica \u00eentr-un mod distractiv \u015fi amuzant;<\/li>\n<li><strong>Conexiunea<\/strong> cu persoana dedicat\u0103 \u0219i responsabil\u0103, calm\u0103, carismatic\u0103, deschis\u0103, informat\u0103, pozitiv\u0103, specializat\u0103 pe domeniul de interes;<\/li>\n<li><strong>Cuno\u015ftinte \u015fi deprinderi<\/strong> care se pot aplica zilnic acas\u0103 pentru o via\u0163\u0103 de calitate, plin\u0103 de energie;<\/li>\n<li><strong>Ateliere ludice, joac\u0103 \u0219i jocuri<\/strong> &#8211; jocul dup\u0103 reguli conduc la o disciplinare, aten\u021bie \u0219i responsabilitate mai mare;<\/li>\n<li><strong>Lucrul \u00een echip\u0103<\/strong> \u015fi dezvoltarea abilit\u0103\u0163ilor de a se integra \u00een activit\u0103\u021bi.<\/li>\n<\/ul>\n<hr \/>\n","protected":false},"excerpt":{"rendered":"<p>Programul este anulat din cauza restric\u021biilor \u00een perioada pandemiei (SARS-CoV-2) COVID-19. Urm\u0103re\u0219te ultimele hot\u0103r\u00e2ri cu privire la relaxarea m\u0103surilor de prevenire \u0219i [&hellip;]<\/p>\n","protected":false},"author":1,"featured_media":151,"parent":0,"menu_order":0,"comment_status":"closed","ping_status":"closed","template":"","meta":{"jetpack_post_was_ever_published":false,"footnotes":""},"class_list":["post-94","page","type-page","status-publish","has-post-thumbnail","hentry"],"jetpack_sharing_enabled":true,"jetpack_shortlink":"https:\/\/wp.me\/PaQ9si-1w","jetpack-related-posts":[{"id":89,"url":"https:\/\/tabereurbane.ro\/despre-tabere-urbane-solidus\/dinamic\/","url_meta":{"origin":94,"position":0},"title":"Dinamic","author":"Solidus' Electric Eye","date":"28 martie 2019","format":false,"excerpt":"Programul este anulat din cauza restric\u021biilor \u00een perioada pandemiei (SARS-CoV-2) COVID-19. Urm\u0103re\u0219te ultimele hot\u0103r\u00e2ri cu privire la relaxarea m\u0103surilor de prevenire \u0219i combatere a efectelor pandemiei de COVID-19. R\u0103m\u00e2i informat! R\u0103m\u00e2i s\u0103n\u0103tos! Programul variaz\u0103 \u00een func\u021bie de starea vremii \u0219i de agenda partenerilor: Vizit\u0103 la institu\u021bii muzeale; Vizit\u0103 la case\u2026","rel":"","context":"Articol similar","block_context":{"text":"Articol similar","link":""},"img":{"alt_text":"","src":"https:\/\/i0.wp.com\/tabereurbane.ro\/wp-content\/uploads\/2019\/03\/jocuri-dinamic.jpg?fit=1024%2C576&ssl=1&resize=350%2C200","width":350,"height":200,"srcset":"https:\/\/i0.wp.com\/tabereurbane.ro\/wp-content\/uploads\/2019\/03\/jocuri-dinamic.jpg?fit=1024%2C576&ssl=1&resize=350%2C200 1x, https:\/\/i0.wp.com\/tabereurbane.ro\/wp-content\/uploads\/2019\/03\/jocuri-dinamic.jpg?fit=1024%2C576&ssl=1&resize=525%2C300 1.5x, https:\/\/i0.wp.com\/tabereurbane.ro\/wp-content\/uploads\/2019\/03\/jocuri-dinamic.jpg?fit=1024%2C576&ssl=1&resize=700%2C400 2x"},"classes":[]},{"id":92,"url":"https:\/\/tabereurbane.ro\/despre-tabere-urbane-solidus\/clasic\/","url_meta":{"origin":94,"position":1},"title":"Clasic","author":"Solidus' Electric Eye","date":"28 martie 2019","format":false,"excerpt":"Programul este anulat din cauza restric\u021biilor \u00een perioada pandemiei (SARS-CoV-2) COVID-19. Urm\u0103re\u0219te ultimele hot\u0103r\u00e2ri cu privire la relaxarea m\u0103surilor de prevenire \u0219i combatere a efectelor pandemiei de COVID-19. R\u0103m\u00e2i informat! R\u0103m\u00e2i s\u0103n\u0103tos! Programul variaz\u0103 \u00een func\u021bie de starea vremii \u0219i de agenda partenerilor: Vizit\u0103 la institu\u021bii muzeale; Ateliere de crea\u021bie\u2026","rel":"","context":"Articol similar","block_context":{"text":"Articol similar","link":""},"img":{"alt_text":"","src":"https:\/\/i0.wp.com\/tabereurbane.ro\/wp-content\/uploads\/2019\/03\/oferte-standard.jpg?fit=1024%2C576&ssl=1&resize=350%2C200","width":350,"height":200,"srcset":"https:\/\/i0.wp.com\/tabereurbane.ro\/wp-content\/uploads\/2019\/03\/oferte-standard.jpg?fit=1024%2C576&ssl=1&resize=350%2C200 1x, https:\/\/i0.wp.com\/tabereurbane.ro\/wp-content\/uploads\/2019\/03\/oferte-standard.jpg?fit=1024%2C576&ssl=1&resize=525%2C300 1.5x, https:\/\/i0.wp.com\/tabereurbane.ro\/wp-content\/uploads\/2019\/03\/oferte-standard.jpg?fit=1024%2C576&ssl=1&resize=700%2C400 2x"},"classes":[]},{"id":272,"url":"https:\/\/tabereurbane.ro\/despre-tabere-urbane-solidus\/covid19\/","url_meta":{"origin":94,"position":2},"title":"COVID19","author":"Solidus' Electric Eye","date":"26 mai 2020","format":false,"excerpt":"Din cauza noului coronavirusului \u0219i a situa\u021biei de pandemie facem eforturi s\u0103 reprogram\u0103m activit\u0103\u021bile deja solicitate. Ast\u0103zi \u201ea fi responsabil\u201d \u00eenseamn\u0103 a limita drastic contactele sociale. Responsabilitatea fiec\u0103ruia face diferen\u021ba. Programele \u201eDinamic\u201d, \u201eClasic\u201d \u0219i \u201eAccent\u201d au fost anulate din cauza restric\u021biilor \u00een perioada pandemiei (SARS-CoV-2) COVID19. Urm\u0103re\u0219te ultimele hot\u0103r\u00e2ri cu\u2026","rel":"","context":"Articol similar","block_context":{"text":"Articol similar","link":""},"img":{"alt_text":"","src":"https:\/\/i0.wp.com\/tabereurbane.ro\/wp-content\/uploads\/2019\/03\/jocuri-accent2.jpg?resize=350%2C200","width":350,"height":200,"srcset":"https:\/\/i0.wp.com\/tabereurbane.ro\/wp-content\/uploads\/2019\/03\/jocuri-accent2.jpg?resize=350%2C200 1x, https:\/\/i0.wp.com\/tabereurbane.ro\/wp-content\/uploads\/2019\/03\/jocuri-accent2.jpg?resize=525%2C300 1.5x, https:\/\/i0.wp.com\/tabereurbane.ro\/wp-content\/uploads\/2019\/03\/jocuri-accent2.jpg?resize=700%2C400 2x"},"classes":[]},{"id":6,"url":"https:\/\/tabereurbane.ro\/despre-tabere-urbane-solidus\/pagina-de-garda\/","url_meta":{"origin":94,"position":3},"title":"Bun g\u0103sit!","author":"Solidus' Electric Eye","date":"25 martie 2019","format":false,"excerpt":"Asocia\u021bia pentru Educa\u021bie \u0219i Cultur\u0103 AdLittera\u00a0(AECA) ofer\u0103 un tur itinerant al capitalei, de luni p\u00e2n\u0103 vineri (inclusiv), de diminea\u021ba p\u00e2n\u0103 seara, av\u00e2nd un program plin de activit\u0103\u021bi creative \u0219i vizite \u00een cele mai reprezentative repere culturale bucure\u0219tene, altern\u00e2nd cu vizite \u00een spa\u021bii de recreere activ\u0103. AdLittera propune copiilor cu v\u00e2rste\u2026","rel":"","context":"Articol similar","block_context":{"text":"Articol similar","link":""},"img":{"alt_text":"","src":"https:\/\/i0.wp.com\/tabereurbane.ro\/wp-content\/uploads\/2019\/03\/jocuri-accent2.jpg?fit=1024%2C576&ssl=1&resize=350%2C200","width":350,"height":200,"srcset":"https:\/\/i0.wp.com\/tabereurbane.ro\/wp-content\/uploads\/2019\/03\/jocuri-accent2.jpg?fit=1024%2C576&ssl=1&resize=350%2C200 1x, https:\/\/i0.wp.com\/tabereurbane.ro\/wp-content\/uploads\/2019\/03\/jocuri-accent2.jpg?fit=1024%2C576&ssl=1&resize=525%2C300 1.5x, https:\/\/i0.wp.com\/tabereurbane.ro\/wp-content\/uploads\/2019\/03\/jocuri-accent2.jpg?fit=1024%2C576&ssl=1&resize=700%2C400 2x"},"classes":[]},{"id":395,"url":"https:\/\/tabereurbane.ro\/despre-tabere-urbane-solidus\/arte-scenice\/","url_meta":{"origin":94,"position":4},"title":"Arte scenice","author":"Solidus' Electric Eye","date":"30 mai 2020","format":false,"excerpt":"Programul \u201eArte scenice\u201d urm\u0103re\u0219te s\u0103 ating\u0103 obiectivele specifice dezvolt\u0103rii personalit\u0103\u021bii \u0219i a abilit\u0103\u021bilor de comunicare, precum \u0219i combaterea timidit\u0103\u021bii \u0219i a fricii de e\u0219ec. Jocurile de improviza\u021bie vor dezvolta aten\u021bia, capacitata de memorare, motricitatea, flexibilitatea \u00een g\u00e2ndire \u0219i viteza de reac\u021bie. Tab\u0103r\u0103 urban\u0103 de 5 zile V\u00e2rst\u0103: 7-12 ani Program\u2026","rel":"","context":"Articol similar","block_context":{"text":"Articol similar","link":""},"img":{"alt_text":"","src":"https:\/\/i0.wp.com\/tabereurbane.ro\/wp-content\/uploads\/2019\/03\/jocuri-dinamic.jpg?fit=1024%2C576&ssl=1&resize=350%2C200","width":350,"height":200,"srcset":"https:\/\/i0.wp.com\/tabereurbane.ro\/wp-content\/uploads\/2019\/03\/jocuri-dinamic.jpg?fit=1024%2C576&ssl=1&resize=350%2C200 1x, https:\/\/i0.wp.com\/tabereurbane.ro\/wp-content\/uploads\/2019\/03\/jocuri-dinamic.jpg?fit=1024%2C576&ssl=1&resize=525%2C300 1.5x, https:\/\/i0.wp.com\/tabereurbane.ro\/wp-content\/uploads\/2019\/03\/jocuri-dinamic.jpg?fit=1024%2C576&ssl=1&resize=700%2C400 2x"},"classes":[]},{"id":309,"url":"https:\/\/tabereurbane.ro\/despre-tabere-urbane-solidus\/magia-cuvintelor\/","url_meta":{"origin":94,"position":5},"title":"Magia cuvintelor","author":"Solidus' Electric Eye","date":"28 mai 2020","format":false,"excerpt":"Programul \u201eMagia cuvintelor\u201d urm\u0103re\u0219te s\u0103 ating\u0103 obiectivele specifice comunic\u0103rii. Tab\u0103r\u0103 urban\u0103 de 5 zile V\u00e2rst\u0103: 7-12 ani Program Luni- Vineri Orar: 8:30-18:30 Activit\u0103\u021bile recreative au rolul de a ajuta copiii s\u0103 se relaxeze \u0219i s\u0103 sporeasc\u0103 nivelul de energie necesar unei bune dezvolt\u0103ri psihice \u0219i intelectuale. Activit\u0103\u021bile de recreere activ\u0103\u2026","rel":"","context":"Articol similar","block_context":{"text":"Articol similar","link":""},"img":{"alt_text":"","src":"https:\/\/i0.wp.com\/tabereurbane.ro\/wp-content\/uploads\/2019\/12\/TU03.jpg?fit=1200%2C804&ssl=1&resize=350%2C200","width":350,"height":200,"srcset":"https:\/\/i0.wp.com\/tabereurbane.ro\/wp-content\/uploads\/2019\/12\/TU03.jpg?fit=1200%2C804&ssl=1&resize=350%2C200 1x, https:\/\/i0.wp.com\/tabereurbane.ro\/wp-content\/uploads\/2019\/12\/TU03.jpg?fit=1200%2C804&ssl=1&resize=525%2C300 1.5x, https:\/\/i0.wp.com\/tabereurbane.ro\/wp-content\/uploads\/2019\/12\/TU03.jpg?fit=1200%2C804&ssl=1&resize=700%2C400 2x, https:\/\/i0.wp.com\/tabereurbane.ro\/wp-content\/uploads\/2019\/12\/TU03.jpg?fit=1200%2C804&ssl=1&resize=1050%2C600 3x"},"classes":[]}],"_links":{"self":[{"href":"https:\/\/tabereurbane.ro\/despre-tabere-urbane-solidus\/wp-json\/wp\/v2\/pages\/94","targetHints":{"allow":["GET"]}}],"collection":[{"href":"https:\/\/tabereurbane.ro\/despre-tabere-urbane-solidus\/wp-json\/wp\/v2\/pages"}],"about":[{"href":"https:\/\/tabereurbane.ro\/despre-tabere-urbane-solidus\/wp-json\/wp\/v2\/types\/page"}],"author":[{"embeddable":true,"href":"https:\/\/tabereurbane.ro\/despre-tabere-urbane-solidus\/wp-json\/wp\/v2\/users\/1"}],"replies":[{"embeddable":true,"href":"https:\/\/tabereurbane.ro\/despre-tabere-urbane-solidus\/wp-json\/wp\/v2\/comments?post=94"}],"version-history":[{"count":19,"href":"https:\/\/tabereurbane.ro\/despre-tabere-urbane-solidus\/wp-json\/wp\/v2\/pages\/94\/revisions"}],"predecessor-version":[{"id":414,"href":"https:\/\/tabereurbane.ro\/despre-tabere-urbane-solidus\/wp-json\/wp\/v2\/pages\/94\/revisions\/414"}],"wp:featuredmedia":[{"embeddable":true,"href":"https:\/\/tabereurbane.ro\/despre-tabere-urbane-solidus\/wp-json\/wp\/v2\/media\/151"}],"wp:attachment":[{"href":"https:\/\/tabereurbane.ro\/despre-tabere-urbane-solidus\/wp-json\/wp\/v2\/media?parent=94"}],"curies":[{"name":"wp","href":"https:\/\/api.w.org\/{rel}","templated":true}]}}