{"id":289,"date":"2020-05-27T11:19:04","date_gmt":"2020-05-27T08:19:04","guid":{"rendered":"http:\/\/tabereurbane.ro\/?page_id=289"},"modified":"2020-05-29T23:01:31","modified_gmt":"2020-05-29T20:01:31","slug":"prietenie-in-natura-urbana","status":"publish","type":"page","link":"https:\/\/tabereurbane.ro\/despre-tabere-urbane-solidus\/prietenie-in-natura-urbana\/","title":{"rendered":"Prietenie \u00een natura urban\u0103"},"content":{"rendered":"<h4 style=\"text-align: justify;\"><span style=\"color: #008000;\">Programul \u201e<b>Prietenie \u00een natura urban\u0103\u201d <\/b>urm\u0103re\u0219te s\u0103 ating\u0103 obiectivele specifice coeziunii de grup. <\/span><b><br \/>\n<\/b><\/h4>\n<ul>\n<li style=\"text-align: justify;\">Tab\u0103r\u0103 urban\u0103 de 5 zile<\/li>\n<li>V\u00e2rst\u0103: 7-12 ani<\/li>\n<li>Program Luni- Vineri<\/li>\n<li style=\"text-align: justify;\">Orar: 8:30-18:30<\/li>\n<\/ul>\n<p style=\"text-align: justify;\">Cel mai important factor extern pentru a consolida un grup este <em><strong>sistemul de stimulente<\/strong><\/em>:<br \/>\n<em>Motivarea<\/em> &#8211; pre-ac\u021biune \u0219i <em>Recompensa<\/em> &#8211; post-ac\u021biune. Acestea se pot \u00eemp\u0103r\u021bi \u00een sarcini individuale \u0219i de grup. C\u00e2nd acestea sunt orientate spre grup (grupul prime\u0219te recomenpsa X) coeziunea este mai mare dec\u00e2t atunci c\u00e2nd este orientat spre individ (fiecare membru al grupului prime\u0219te recompensa Y). Al\u021bi factori externi sunt <em>amenin\u021b\u0103rile<\/em> \u0219i <em>provoc\u0103rile<\/em> c\u0103rora grupul trebuie sa le fac\u01ce fa\u021b\u0103.<\/p>\n<p style=\"text-align: justify;\">Prin diverse ateliere de comunicare \u0219i jocuri atingem pe r\u00e2nd obiectivele pentru ca \u00een interiorul grupului s\u0103 facilit\u0103m cooperarea, colaborarea \u0219i asocierea pentru scopuri comune. Jocurile de memorie, logic\u0103 \u0219i creativitate pe l\u00e2ng\u0103 cele de motricitate \u0219i echilibru vor face parte din setul zilnic de activit\u0103\u021bi.<\/p>\n<p style=\"text-align: justify;\">Factorii interni care influen\u021beaz\u0103 coeziunea unui grup sunt:<\/p>\n<ul style=\"text-align: justify;\">\n<li>sistemul normativ al grupului (stabilirea regulilor, cadrului \u0219i atmosferei) &#8211; cu c\u00e2t este mai clar cu at\u00e2t coeziunea este mai mare;<\/li>\n<li>similaritatea dintre participan\u021bi &#8211; cu c\u00e2t aceasta este mai mare cu at\u00e2t coeziunea cre\u0219te, amplific\u00e2ndu-se comunicarea \u0219i interac\u021biunea membrilor participan\u021b;<\/li>\n<li>m\u0103rimea grupului &#8211; grupurile mici au un grad mai mare de coeziune.<\/li>\n<\/ul>\n<p style=\"text-align: justify;\">Vom povesti despre ecologie urban\u0103, despre legende urbane \u0219i istorie local\u0103 \u0219i le vom men\u021biona zilnic \u00eentr-un <em>jurnal de c\u0103l\u0103torie<\/em> pe durata taberei.<\/p>\n<p style=\"text-align: justify;\"><img data-recalc-dims=\"1\" loading=\"lazy\" decoding=\"async\" data-attachment-id=\"236\" data-permalink=\"https:\/\/tabereurbane.ro\/despre-tabere-urbane-solidus\/prietenie-in-natura-urbana\/tu09\/\" data-orig-file=\"https:\/\/i0.wp.com\/tabereurbane.ro\/wp-content\/uploads\/2019\/12\/TU09.jpg?fit=1426%2C955&amp;ssl=1\" data-orig-size=\"1426,955\" data-comments-opened=\"0\" data-image-meta=\"{&quot;aperture&quot;:&quot;0&quot;,&quot;credit&quot;:&quot;&quot;,&quot;camera&quot;:&quot;&quot;,&quot;caption&quot;:&quot;&quot;,&quot;created_timestamp&quot;:&quot;0&quot;,&quot;copyright&quot;:&quot;&quot;,&quot;focal_length&quot;:&quot;0&quot;,&quot;iso&quot;:&quot;0&quot;,&quot;shutter_speed&quot;:&quot;0&quot;,&quot;title&quot;:&quot;&quot;,&quot;orientation&quot;:&quot;0&quot;}\" data-image-title=\"TU09\" data-image-description=\"\" data-image-caption=\"\" data-large-file=\"https:\/\/i0.wp.com\/tabereurbane.ro\/wp-content\/uploads\/2019\/12\/TU09.jpg?fit=1024%2C686&amp;ssl=1\" class=\"aligncenter size-full wp-image-236\" src=\"https:\/\/i0.wp.com\/tabereurbane.ro\/wp-content\/uploads\/2019\/12\/TU09.jpg?resize=1170%2C784\" alt=\"\" width=\"1170\" height=\"784\" srcset=\"https:\/\/i0.wp.com\/tabereurbane.ro\/wp-content\/uploads\/2019\/12\/TU09.jpg?w=1426&amp;ssl=1 1426w, https:\/\/i0.wp.com\/tabereurbane.ro\/wp-content\/uploads\/2019\/12\/TU09.jpg?resize=300%2C201&amp;ssl=1 300w, https:\/\/i0.wp.com\/tabereurbane.ro\/wp-content\/uploads\/2019\/12\/TU09.jpg?resize=768%2C514&amp;ssl=1 768w, https:\/\/i0.wp.com\/tabereurbane.ro\/wp-content\/uploads\/2019\/12\/TU09.jpg?resize=1024%2C686&amp;ssl=1 1024w, https:\/\/i0.wp.com\/tabereurbane.ro\/wp-content\/uploads\/2019\/12\/TU09.jpg?resize=830%2C556&amp;ssl=1 830w, https:\/\/i0.wp.com\/tabereurbane.ro\/wp-content\/uploads\/2019\/12\/TU09.jpg?resize=230%2C154&amp;ssl=1 230w, https:\/\/i0.wp.com\/tabereurbane.ro\/wp-content\/uploads\/2019\/12\/TU09.jpg?resize=350%2C234&amp;ssl=1 350w, https:\/\/i0.wp.com\/tabereurbane.ro\/wp-content\/uploads\/2019\/12\/TU09.jpg?resize=480%2C321&amp;ssl=1 480w\" sizes=\"auto, (max-width: 1170px) 100vw, 1170px\" \/><\/p>\n<hr \/>\n<blockquote>\n<p style=\"text-align: justify;\"><span style=\"font-size: 18pt;\"><b>M\u0103suri de siguran\u021b\u0103 ANTI-COVID19<\/b><\/span><\/p>\n<p style=\"text-align: justify;\"><b>Din cauza for\u021bei majore impuse prin noile reguli guvernamentale, etapizat\u0103 de starea de urgen\u021b\u0103, starea de alert\u0103 sau alte forme ulterioare de distan\u021bare social\u0103 sau fizic\u0103, suntem nevoi\u021bi s\u0103 ne adapt\u0103m ac\u021biunile cu grupurile de participan\u021bi.<\/b><\/p>\n<p style=\"text-align: justify;\"><b>Astfel, am reconfigurat programele cu activit\u0103\u021bi urbane \u0219i am mic\u0219orat num\u0103rul de participan\u021bi \u00een grup: 14-15 copii.<\/b><\/p>\n<p style=\"text-align: justify;\"><b>Folosind metodele adaptate perioadei de schimb\u0103ri socio-culturale implement\u0103m c\u00e2t mai multe resurse de siguran\u021b\u0103 cu optimism \u0219i precau\u021bie.<\/b><\/p>\n<\/blockquote>\n<ul style=\"text-align: justify;\">\n<li><em>Coordonatorul taberei va m\u0103sura temperatura fiec\u0103rui participant la \u00eenceputul programului, la mijlocul zilei (\u00eenainte de pr\u00e2nz) \u0219i la finalul zilei; termometrul este digital, non-contact, utilizeaz\u0103 o tehnologie avansat\u0103 (IR) pentru m\u0103surarea instantanee \u0219i exact\u0103 a temperaturii corpului; va asigura comunicarea cu grupul de p\u0103rin\u021bi ai copiilor participan\u021bi din propria ini\u021biativ\u0103 sau la solicitarea acestora;<\/em><\/li>\n<li><em>Desf\u0103\u0219urarea activit\u0103\u021bilor se va realiza \u00een spa\u021bii deschise, cu maxim\u0103 pruden\u021b\u0103 \u00een deplasarea dintre obiective;<\/em><\/li>\n<li><em>Asigur\u0103m disponibilitatea unui vehicul care va \u00eenso\u021bi grupul \u00een permanen\u021b\u0103 \u00een caz de urgen\u021b\u0103;<\/em><\/li>\n<li><em>Asigur\u0103m m\u0103\u0219ti \u0219i m\u0103nu\u0219i atunci c\u00e2nd situa\u021bia o cere iar participan\u021bii nu au asupra lor aceste accesorii;<\/em><\/li>\n<li><em>Asigur\u0103m dezinfectarea tuturor echipamentelor cu care vor lucra copiii;<\/em><\/li>\n<li><em>Asigur\u0103m folosirea de dezinfectant pentru m\u00e2inile copiilor;<\/em><\/li>\n<li><em>Masa se va lua \u00een aer liber limit\u00e2nd interac\u021biunea cu alte persoane. Asigur\u0103m folosirea \u0219erve\u021belor umede pentru igienizare, atunci c\u00e2nd situa\u021bia nu ne permite s\u0103 ne sp\u0103l\u0103m pe m\u00e2ini cu ap\u0103 \u0219i s\u0103pun;<\/em><\/li>\n<li><em>Pentru picnic se vor asigura izoprene, fe\u021be de mas\u0103 de h\u00e2rtie, \u0219erve\u021bele umede \u0219i uscate, vase de unic\u0103 folosin\u021b\u0103 \u0219i pungi menajere.<\/em><\/li>\n<\/ul>\n<hr \/>\n<p style=\"text-align: justify;\"><span style=\"font-size: 18pt;\"><span style=\"color: #008000;\"><b>Program \u201e<\/b><\/span><b><span style=\"color: #008000;\">Prietenie \u00een natura urban\u0103\u201d. Orar.<\/span><br \/>\n<\/b><\/span><\/p>\n<table style=\"width: 78.0465%;\">\n<tbody>\n<tr>\n<td style=\"width: 10.0932%;\">Or\u0103 \u00eenceput<\/td>\n<td style=\"width: 9.4721%;\">Or\u0103 sf\u00e2r\u0219it<\/td>\n<td style=\"width: 78.7267%;\"><b>Ziua<\/b> &#8211; Activit\u0103\u021bi<\/td>\n<\/tr>\n<tr>\n<td style=\"width: 10.0932%;\">08:30<\/td>\n<td style=\"width: 9.4721%;\">09:00<\/td>\n<td style=\"width: 78.7267%;\">\u00eent\u00e2lnire cu copiii (Bun\u0103 diminea\u021ba!)<\/td>\n<\/tr>\n<tr>\n<td style=\"width: 10.0932%;\">09:00<\/td>\n<td style=\"width: 9.4721%;\">09:30<\/td>\n<td style=\"width: 78.7267%;\">deplasare c\u0103tre locul de joac\u0103<\/td>\n<\/tr>\n<tr>\n<td style=\"width: 10.0932%;\">09:30<\/td>\n<td style=\"width: 9.4721%;\">10:30<\/td>\n<td style=\"width: 78.7267%;\">A1 &#8211; Atelier de prietenie<\/td>\n<\/tr>\n<tr>\n<td style=\"width: 10.0932%;\">10:30<\/td>\n<td style=\"width: 9.4721%;\">11:00<\/td>\n<td style=\"width: 78.7267%;\">Pauz\u0103: Gustare<\/td>\n<\/tr>\n<tr>\n<td style=\"width: 10.0932%;\">11:00<\/td>\n<td style=\"width: 9.4721%;\">12:00<\/td>\n<td style=\"width: 78.7267%;\">A2 &#8211; Atelier dezvoltare personal\u0103<\/td>\n<\/tr>\n<tr>\n<td style=\"width: 10.0932%;\">12:00<\/td>\n<td style=\"width: 9.4721%;\">12:15<\/td>\n<td style=\"width: 78.7267%;\">pauz\u0103 activ\u0103<\/td>\n<\/tr>\n<tr>\n<td style=\"width: 10.0932%;\">12:15<\/td>\n<td style=\"width: 9.4721%;\">13:15<\/td>\n<td style=\"width: 78.7267%;\">A3 &#8211; Legende urbane \u0219i ateliere de crea\u021bie<\/td>\n<\/tr>\n<tr>\n<td style=\"width: 10.0932%;\">13:15<\/td>\n<td style=\"width: 9.4721%;\">13:30<\/td>\n<td style=\"width: 78.7267%;\">deplasare c\u0103tre loc pr\u00e2nz \/ preg\u0103tire picnic<\/td>\n<\/tr>\n<tr>\n<td style=\"width: 10.0932%;\">13:30<\/td>\n<td style=\"width: 9.4721%;\">14:10<\/td>\n<td style=\"width: 78.7267%;\">pr\u00e2nz \/ picnic<\/td>\n<\/tr>\n<tr>\n<td style=\"width: 10.0932%;\">14:10<\/td>\n<td style=\"width: 9.4721%;\">14:25<\/td>\n<td style=\"width: 78.7267%;\">pauz\u0103 \/ cur\u0103\u021bare loc picnic<\/td>\n<\/tr>\n<tr>\n<td style=\"width: 10.0932%;\">14:25<\/td>\n<td style=\"width: 9.4721%;\">14:55<\/td>\n<td style=\"width: 78.7267%;\">deplasare c\u0103tre alt loc de joac\u0103<\/td>\n<\/tr>\n<tr>\n<td style=\"width: 10.0932%;\">14:55<\/td>\n<td style=\"width: 9.4721%;\">15:55<\/td>\n<td style=\"width: 78.7267%;\">A4 &#8211; Atelier dezvoltare personal\u0103<\/td>\n<\/tr>\n<tr>\n<td style=\"width: 10.0932%;\">15:55<\/td>\n<td style=\"width: 9.4721%;\">16:05<\/td>\n<td style=\"width: 78.7267%;\">pauz\u0103 activ\u0103<\/td>\n<\/tr>\n<tr>\n<td style=\"width: 10.0932%;\">16:05<\/td>\n<td style=\"width: 9.4721%;\">17:05<\/td>\n<td style=\"width: 78.7267%;\">A5 &#8211; Atelier de istorie local\u0103<\/td>\n<\/tr>\n<tr>\n<td style=\"width: 10.0932%;\">17:05<\/td>\n<td style=\"width: 9.4721%;\">17:10<\/td>\n<td style=\"width: 78.7267%;\">pauz\u0103 activ\u0103<\/td>\n<\/tr>\n<tr>\n<td style=\"width: 10.0932%;\">17:10<\/td>\n<td style=\"width: 9.4721%;\">18:00<\/td>\n<td style=\"width: 78.7267%;\">A6 &#8211; Atelier: Antrenorul de jocuri<\/td>\n<\/tr>\n<tr>\n<td style=\"width: 10.0932%;\">18:00<\/td>\n<td style=\"width: 9.4721%;\">18:25<\/td>\n<td style=\"width: 78.7267%;\">\u00eent\u00e2lnire cu p\u0103rin\u021bii (Pe m\u00e2ine!)<\/td>\n<\/tr>\n<\/tbody>\n<\/table>\n<p><span style=\"font-size: 10pt;\"><em>Programul orar este doar orientativ.<\/em> <\/span><\/p>\n<hr \/>\n<p style=\"text-align: justify;\"><span style=\"color: #008000; font-size: 18pt;\">Pre\u021b program <b>\u201e<\/b><b>Prietenie \u00een natura urban\u0103\u201d<\/b><b>: <\/b><b>500 lei<\/b>\/participant<\/span><\/p>\n<p style=\"text-align: justify;\"><b>Detalii pentru rezervare:<\/b><\/p>\n<ul style=\"text-align: justify;\">\n<li>o serie de tab\u0103ra se va realiza pentru un grup de maxim 15 participan\u021bi \u0219i minim 10 participan\u021bi<\/li>\n<li>la rezervarea locului \u00eentr-o serie, se va achita un avans de 50 lei pentru fiecare serie<\/li>\n<li>cu 7 zile \u00eenainte de \u00eenceperea ac\u021biunii se va achita diferen\u021ba pentru serviciul achizi\u021bionat<\/li>\n<\/ul>\n<p style=\"text-align: justify;\"><b>Pre\u021bul excursiei include<\/b><\/p>\n<ul style=\"text-align: justify;\">\n<li>intrarea la obiectivele prev\u0103zute \u00een program<\/li>\n<li>1 animator la 5 copii<\/li>\n<li>transportul cu microbuzul pentru zilele prev\u0103zute cu excursie<\/li>\n<li>m\u0103\u0219ti \u0219i m\u0103nu\u0219i pentru copii care nu au, dar situa\u021bia o impune<\/li>\n<li>dezinfectant pentru participan\u021bi<\/li>\n<li>o gustare care const\u0103 \u00eentr-un fruct, biscui\u021bi, ceai<\/li>\n<\/ul>\n<p style=\"text-align: justify;\"><b>Se achit\u0103 separat:<\/b><\/p>\n<ul style=\"text-align: justify;\">\n<li>125 lei\/s\u0103pt\u0103m\u00e2n\u0103 pentru m\u00e2ncare (25 lei\/ zi). M\u00e2ncarea va fi livrat\u0103 \u00een regim de catering \u0219i va fi servit\u0103 ca picnic \u00een loca\u021bia aflat\u0103.<\/li>\n<li>Alte servicii \u00een afar\u0103 de cele men\u021bionate \u00een program.<\/li>\n<\/ul>\n<hr \/>\n<h4><strong><span style=\"background-color: #ffff99;\">Ofert\u0103 promo\u021bional\u0103<\/span> <\/strong><\/h4>\n<p>Pentru a rezerva un loc \u00een 2 (dou\u0103) serii consecutive de tabere cu tematici diferite se ofer\u0103 o <span style=\"color: #008000; font-size: 14pt;\"><span style=\"background-color: #ffff99;\"><strong>reducere de 5%<\/strong>. <strong>Pre\u021bul celor 2 tabere \u00een s\u0103pt\u0103m\u00e2ni consecutive este de 950 lei<\/strong><\/span>.<\/span><\/p>\n<hr \/>\n<p style=\"text-align: justify;\"><a href=\"http:\/\/tabereurbane.ro\/contact\/\" target=\"_blank\" rel=\"noopener noreferrer\"><span style=\"text-decoration: underline;\"><strong>Rezerv\u0103 acum<\/strong><\/span><\/a> un loc \u00een tab\u0103ra urban\u0103, men\u021bioneaz\u0103 v\u00e2rsta participantului, perioada \u0219i tematica favorit\u0103.<br \/>\nLocurile sunt limitate!<\/p>\n","protected":false},"excerpt":{"rendered":"<p>Programul \u201ePrietenie \u00een natura urban\u0103\u201d urm\u0103re\u0219te s\u0103 ating\u0103 obiectivele specifice coeziunii de grup. Tab\u0103r\u0103 urban\u0103 de 5 zile V\u00e2rst\u0103: 7-12 ani Program [&hellip;]<\/p>\n","protected":false},"author":1,"featured_media":236,"parent":0,"menu_order":0,"comment_status":"closed","ping_status":"closed","template":"","meta":{"jetpack_post_was_ever_published":false,"footnotes":""},"class_list":["post-289","page","type-page","status-publish","has-post-thumbnail","hentry"],"jetpack_sharing_enabled":true,"jetpack_shortlink":"https:\/\/wp.me\/PaQ9si-4F","jetpack-related-posts":[{"id":309,"url":"https:\/\/tabereurbane.ro\/despre-tabere-urbane-solidus\/magia-cuvintelor\/","url_meta":{"origin":289,"position":0},"title":"Magia cuvintelor","author":"Solidus' Electric Eye","date":"28 mai 2020","format":false,"excerpt":"Programul \u201eMagia cuvintelor\u201d urm\u0103re\u0219te s\u0103 ating\u0103 obiectivele specifice comunic\u0103rii. Tab\u0103r\u0103 urban\u0103 de 5 zile V\u00e2rst\u0103: 7-12 ani Program Luni- Vineri Orar: 8:30-18:30 Activit\u0103\u021bile recreative au rolul de a ajuta copiii s\u0103 se relaxeze \u0219i s\u0103 sporeasc\u0103 nivelul de energie necesar unei bune dezvolt\u0103ri psihice \u0219i intelectuale. Activit\u0103\u021bile de recreere activ\u0103\u2026","rel":"","context":"Articol similar","block_context":{"text":"Articol similar","link":""},"img":{"alt_text":"","src":"https:\/\/i0.wp.com\/tabereurbane.ro\/wp-content\/uploads\/2019\/12\/TU03.jpg?fit=1200%2C804&ssl=1&resize=350%2C200","width":350,"height":200,"srcset":"https:\/\/i0.wp.com\/tabereurbane.ro\/wp-content\/uploads\/2019\/12\/TU03.jpg?fit=1200%2C804&ssl=1&resize=350%2C200 1x, https:\/\/i0.wp.com\/tabereurbane.ro\/wp-content\/uploads\/2019\/12\/TU03.jpg?fit=1200%2C804&ssl=1&resize=525%2C300 1.5x, https:\/\/i0.wp.com\/tabereurbane.ro\/wp-content\/uploads\/2019\/12\/TU03.jpg?fit=1200%2C804&ssl=1&resize=700%2C400 2x, https:\/\/i0.wp.com\/tabereurbane.ro\/wp-content\/uploads\/2019\/12\/TU03.jpg?fit=1200%2C804&ssl=1&resize=1050%2C600 3x"},"classes":[]},{"id":395,"url":"https:\/\/tabereurbane.ro\/despre-tabere-urbane-solidus\/arte-scenice\/","url_meta":{"origin":289,"position":1},"title":"Arte scenice","author":"Solidus' Electric Eye","date":"30 mai 2020","format":false,"excerpt":"Programul \u201eArte scenice\u201d urm\u0103re\u0219te s\u0103 ating\u0103 obiectivele specifice dezvolt\u0103rii personalit\u0103\u021bii \u0219i a abilit\u0103\u021bilor de comunicare, precum \u0219i combaterea timidit\u0103\u021bii \u0219i a fricii de e\u0219ec. Jocurile de improviza\u021bie vor dezvolta aten\u021bia, capacitata de memorare, motricitatea, flexibilitatea \u00een g\u00e2ndire \u0219i viteza de reac\u021bie. Tab\u0103r\u0103 urban\u0103 de 5 zile V\u00e2rst\u0103: 7-12 ani Program\u2026","rel":"","context":"Articol similar","block_context":{"text":"Articol similar","link":""},"img":{"alt_text":"","src":"https:\/\/i0.wp.com\/tabereurbane.ro\/wp-content\/uploads\/2019\/03\/jocuri-dinamic.jpg?fit=1024%2C576&ssl=1&resize=350%2C200","width":350,"height":200,"srcset":"https:\/\/i0.wp.com\/tabereurbane.ro\/wp-content\/uploads\/2019\/03\/jocuri-dinamic.jpg?fit=1024%2C576&ssl=1&resize=350%2C200 1x, https:\/\/i0.wp.com\/tabereurbane.ro\/wp-content\/uploads\/2019\/03\/jocuri-dinamic.jpg?fit=1024%2C576&ssl=1&resize=525%2C300 1.5x, https:\/\/i0.wp.com\/tabereurbane.ro\/wp-content\/uploads\/2019\/03\/jocuri-dinamic.jpg?fit=1024%2C576&ssl=1&resize=700%2C400 2x"},"classes":[]},{"id":317,"url":"https:\/\/tabereurbane.ro\/despre-tabere-urbane-solidus\/art-deco-foto\/","url_meta":{"origin":289,"position":2},"title":"Art &#038; Deco &#038; Foto","author":"Solidus' Electric Eye","date":"29 mai 2020","format":false,"excerpt":"Programul \u201eArt & Deco & Foto\u201d urm\u0103re\u0219te s\u0103 ating\u0103 obiectivele specifice dezvolt\u0103rii sim\u021bului artistic prin forme sau volume asistate de fotografie. Tab\u0103r\u0103 urban\u0103 de 5 zile V\u00e2rst\u0103: 7-12 ani Program Luni- Vineri Orar: 8:30-18:30 De-a lungul zilei materiale pe care s\u0103 le folosim s\u0103 ob\u021binem modele decorative, \u00eenv\u0103\u021b\u00e2nd despre figur\u0103\u2026","rel":"","context":"Articol similar","block_context":{"text":"Articol similar","link":""},"img":{"alt_text":"","src":"https:\/\/i0.wp.com\/tabereurbane.ro\/wp-content\/uploads\/2019\/12\/TU17.jpg?fit=1200%2C804&ssl=1&resize=350%2C200","width":350,"height":200,"srcset":"https:\/\/i0.wp.com\/tabereurbane.ro\/wp-content\/uploads\/2019\/12\/TU17.jpg?fit=1200%2C804&ssl=1&resize=350%2C200 1x, https:\/\/i0.wp.com\/tabereurbane.ro\/wp-content\/uploads\/2019\/12\/TU17.jpg?fit=1200%2C804&ssl=1&resize=525%2C300 1.5x, https:\/\/i0.wp.com\/tabereurbane.ro\/wp-content\/uploads\/2019\/12\/TU17.jpg?fit=1200%2C804&ssl=1&resize=700%2C400 2x, https:\/\/i0.wp.com\/tabereurbane.ro\/wp-content\/uploads\/2019\/12\/TU17.jpg?fit=1200%2C804&ssl=1&resize=1050%2C600 3x"},"classes":[]},{"id":6,"url":"https:\/\/tabereurbane.ro\/despre-tabere-urbane-solidus\/pagina-de-garda\/","url_meta":{"origin":289,"position":3},"title":"Bun g\u0103sit!","author":"Solidus' Electric Eye","date":"25 martie 2019","format":false,"excerpt":"Asocia\u021bia pentru Educa\u021bie \u0219i Cultur\u0103 AdLittera\u00a0(AECA) ofer\u0103 un tur itinerant al capitalei, de luni p\u00e2n\u0103 vineri (inclusiv), de diminea\u021ba p\u00e2n\u0103 seara, av\u00e2nd un program plin de activit\u0103\u021bi creative \u0219i vizite \u00een cele mai reprezentative repere culturale bucure\u0219tene, altern\u00e2nd cu vizite \u00een spa\u021bii de recreere activ\u0103. AdLittera propune copiilor cu v\u00e2rste\u2026","rel":"","context":"Articol similar","block_context":{"text":"Articol similar","link":""},"img":{"alt_text":"","src":"https:\/\/i0.wp.com\/tabereurbane.ro\/wp-content\/uploads\/2019\/03\/jocuri-accent2.jpg?fit=1024%2C576&ssl=1&resize=350%2C200","width":350,"height":200,"srcset":"https:\/\/i0.wp.com\/tabereurbane.ro\/wp-content\/uploads\/2019\/03\/jocuri-accent2.jpg?fit=1024%2C576&ssl=1&resize=350%2C200 1x, https:\/\/i0.wp.com\/tabereurbane.ro\/wp-content\/uploads\/2019\/03\/jocuri-accent2.jpg?fit=1024%2C576&ssl=1&resize=525%2C300 1.5x, https:\/\/i0.wp.com\/tabereurbane.ro\/wp-content\/uploads\/2019\/03\/jocuri-accent2.jpg?fit=1024%2C576&ssl=1&resize=700%2C400 2x"},"classes":[]},{"id":321,"url":"https:\/\/tabereurbane.ro\/despre-tabere-urbane-solidus\/feminin\/","url_meta":{"origin":289,"position":4},"title":"Princeps Urbanica: m\u00e2ndrie &#038; delicate\u021be","author":"Solidus' Electric Eye","date":"29 mai 2020","format":false,"excerpt":"Tab\u0103r\u0103 urban\u0103 de 5 zile V\u00e2rst\u0103: 12-13 ani Gen: feminin preadolescent Program Luni-Vineri Orar: 8:30-18:30 C\u00e2nd copiii se apropie de v\u00e2rsta adolescen\u021bei devine din ce \u00een ce mai dificil pentru p\u0103rin\u021bi s\u0103 p\u0103streze o bun\u0103 rela\u021bie cu ace\u0219tia. Dragi p\u0103rin\u021bi, \u0219tim c\u0103 e din ce \u00een ce mai dificil s\u0103\u2026","rel":"","context":"Articol similar","block_context":{"text":"Articol similar","link":""},"img":{"alt_text":"","src":"","width":0,"height":0},"classes":[]},{"id":318,"url":"https:\/\/tabereurbane.ro\/despre-tabere-urbane-solidus\/masculin\/","url_meta":{"origin":289,"position":5},"title":"Urbanicum Rex: Masculinum est","author":"Solidus' Electric Eye","date":"29 mai 2020","format":false,"excerpt":"Tab\u0103r\u0103 urban\u0103 de 5 zile V\u00e2rst\u0103: 12-13 ani Gen: masculin preadolescent Program Luni-Vineri Orar: 8:30-18:30 C\u00e2nd copiii se apropie de v\u00e2rsta adolescen\u021bei devine din ce \u00een ce mai dificil pentru p\u0103rin\u021bi s\u0103 p\u0103streze o bun\u0103 rela\u021bie cu ace\u0219tia. Dragi p\u0103rin\u021bi, \u0219tim c\u0103 e din ce \u00een ce mai dificil s\u0103\u2026","rel":"","context":"Articol similar","block_context":{"text":"Articol similar","link":""},"img":{"alt_text":"","src":"","width":0,"height":0},"classes":[]}],"_links":{"self":[{"href":"https:\/\/tabereurbane.ro\/despre-tabere-urbane-solidus\/wp-json\/wp\/v2\/pages\/289","targetHints":{"allow":["GET"]}}],"collection":[{"href":"https:\/\/tabereurbane.ro\/despre-tabere-urbane-solidus\/wp-json\/wp\/v2\/pages"}],"about":[{"href":"https:\/\/tabereurbane.ro\/despre-tabere-urbane-solidus\/wp-json\/wp\/v2\/types\/page"}],"author":[{"embeddable":true,"href":"https:\/\/tabereurbane.ro\/despre-tabere-urbane-solidus\/wp-json\/wp\/v2\/users\/1"}],"replies":[{"embeddable":true,"href":"https:\/\/tabereurbane.ro\/despre-tabere-urbane-solidus\/wp-json\/wp\/v2\/comments?post=289"}],"version-history":[{"count":20,"href":"https:\/\/tabereurbane.ro\/despre-tabere-urbane-solidus\/wp-json\/wp\/v2\/pages\/289\/revisions"}],"predecessor-version":[{"id":342,"href":"https:\/\/tabereurbane.ro\/despre-tabere-urbane-solidus\/wp-json\/wp\/v2\/pages\/289\/revisions\/342"}],"wp:featuredmedia":[{"embeddable":true,"href":"https:\/\/tabereurbane.ro\/despre-tabere-urbane-solidus\/wp-json\/wp\/v2\/media\/236"}],"wp:attachment":[{"href":"https:\/\/tabereurbane.ro\/despre-tabere-urbane-solidus\/wp-json\/wp\/v2\/media?parent=289"}],"curies":[{"name":"wp","href":"https:\/\/api.w.org\/{rel}","templated":true}]}}